 = 2*j**2 + 8*j + 3. Determine r(-4).
3
Let b(w) = -w**2 - 6*w + 7. Give b(-6).
7
Let d(c) = -2*c**2 + 7*c - 4. Determine d(4).
-8
Let u(l) = l**2 + 31*l + 71. Give u(-28).
-13
Let o(k) = -2*k**2 + 33*k + 41. What is o(17)?
24
Let o(z) = 7*z - 5. Give o(4).
23
Let y(p) = p**3 + 12*p**2 + 10*p - 15. Give y(-11).
-4
Let s(p) = -p**2 - 10*p - 10. Determine s(-6).
14
Let w(g) = -5*g - 1. Determine w(6).
-31
Let q(d) = -4*d**3 + 2*d - 1. Calculate q(1).
-3
Let d(k) = k**3 + 10*k**2 + 7*k. Determine d(-9).
18
Let z(f) = -f**3 + 6*f**2 + 2*f + 6. Give z(6).
18
Let f(a) = -a**2 - 2*a + 3. What is f(-3)?
0
Let k(h) = h**2 + 3*h + 1. What is k(-3)?
1
Let w(b) = 3*b**2 - 34*b - 71. What is w(-2)?
9
Let g(z) = 21*z**3 + 4*z**2 - 3*z + 1. Determine g(2).
179
Let q(u) = 8*u**2 + 7*u. What is q(-3)?
51
Let q(u) = -u**3 - 23*u**2 - 17*u + 113. Calculate q(-22).
3
Let z(o) = -8*o**2 + 48*o - 5. What is z(6)?
-5
Let s(v) = 3*v + 76. Give s(-15).
31
Let o(b) = b**2 + 26*b - 324. Determine o(-35).
-9
Let x(k) = -k**3 - 7*k**2 - k - 9. Give x(-7).
-2
Let h(p) = -3*p + 5. Determine h(8).
-19
Let p(z) = -2*z**2 - 10*z - 17. Calculate p(-4).
-9
Let p(f) = f**3 - 5*f**2 - 5*f + 21. Calculate p(5).
-4
Let d(j) = j - 13. Give d(8).
-5
Let g(u) = u**3 - 2*u**2 - 6*u + 6. Give g(3).
-3
Let i(l) = -6*l + 8. Give i(-7).
50
Let c(j) = 7*j - 5. Determine c(-4).
-33
Let d(o) = 3*o + 18. What is d(-4)?
6
Let x(w) = w**3 + 9*w**2 - 2*w + 10. Determine x(-8).
90
Let v(z) = -4*z**2 + 19*z - 5. Give v(4).
7
Let x(j) = j**2 + 7*j + 6. Give x(-5).
-4
Let s(g) = 2*g**2 + 5*g - 6. Determine s(3).
27
Let m(d) = -d - 16. What is m(-28)?
12
Let m(x) = -2*x - 61. Determine m(-24).
-13
Let i(u) = -u**3 + 6*u**2 + 4*u + 4. What is i(7)?
-17
Let f(b) = 6*b - 3. Determine f(4).
21
Let l(t) = t**3 + 14*t**2 - 17*t - 18. Determine l(-15).
12
Let s(i) = i**3 + i**2 - 2*i - 10. Determine s(0).
-10
Let k(q) = 11*q + 89. Calculate k(-7).
12
Let n(h) = 5*h - 98. What is n(18)?
-8
Let a(r) = -r**2 + 6*r + 7. Calculate a(7).
0
Let l(g) = g**2 + 11*g + 3. Give l(-10).
-7
Let g(k) = -12*k**2 + 6*k - 4. What is g(1)?
-10
Let i(l) = 2*l**3 - 24*l**2 + 11*l + 116. Give i(11).
-5
Let x(k) = 30*k**2 - 7*k + 9. Calculate x(2).
115
Let n(b) = -b**3 + 7*b**2 + 3*b - 24. Calculate n(7).
-3
Let h(w) = 11*w**2 - 11*w + 5. Calculate h(2).
27
Let u(s) = -12*s - 1. What is u(3)?
-37
Let m(b) = 2*b**2 - b + 13. What is m(-5)?
68
Let t(b) = b**3 - 4*b**2 + 11*b - 27. Determine t(6).
111
Let j(w) = -w**2 - 9. Determine j(6).
-45
Let l(b) = -b**2 + 10*b - 13. Calculate l(7).
8
Let z(w) = -w**3 + 6*w**2 + 4*w - 15. Calculate z(5).
30
Let y(n) = 3*n**2 - 4*n - 1. Give y(4).
31
Let x(m) = -69*m + 7. Calculate x(-1).
76
Let t(f) = 4*f - 2. What is t(-5)?
-22
Let t(k) = k**2 - 14*k + 12. Determine t(11).
-21
Let l(q) = q**3 + 15*q**2 + 15*q + 16. Calculate l(-14).
2
Let c(z) = -z**2 + z + 2. Calculate c(-2).
-4
Let u(z) = z**3 - 14*z**2 - 2*z + 29. Calculate u(14).
1
Let r(q) = q**3 + 13*q**2 - 2*q - 44. What is r(-13)?
-18
Let d(o) = 2*o + 6. Determine d(1).
8
Let w(s) = s**3 + 4*s**2 + 15*s + 40. Calculate w(-3).
4
Let p(q) = -9*q**2 + 11*q + 3. Determine p(-3).
-111
Let f(i) = -i**2 - i - 1. Give f(-2).
-3
Let q(k) = -k**2 + 2. What is q(5)?
-23
Let v(p) = -p**2 - 7*p + 2. What is v(-6)?
8
Let g(j) = -2*j + 84. Determine g(0).
84
Let y(k) = k**2 - 10*k + 4. Determine y(9).
-5
Let l(i) = -i**3 + 8*i**2 - 3*i + 4. Calculate l(7).
32
Let t(r) = r**3 + 11*r**2 + 4*r + 9. What is t(-11)?
-35
Let o(w) = -w**2 + 3*w + 2. What is o(1)?
4
Let r(z) = 7*z - 195. Calculate r(27).
-6
Let n(k) = -25*k - 31. Determine n(7).
-206
Let s(f) = -f**2 - 21*f - 12. Calculate s(-7).
86
Let p(k) = -7*k - 20. Determine p(-3).
1
Let s(m) = 2*m**3 - 45*m**2 - 24*m - 13. Give s(23).
-36
Let l(i) = 12*i - 2. What is l(-2)?
-26
Let a(l) = l**2 + 88*l + 172. Give a(-2).
0
Let h(o) = o**3 - 15*o**2 + 27*o. Give h(13).
13
Let s(k) = 7*k + 1. What is s(1)?
8
Let j(l) = l + 2. Determine j(3).
5
Let p(c) = -c**3 - 24*c**2 + 31*c + 156. Give p(-25).
6
Let o(t) = t**2 - 18*t + 41. Calculate o(14).
-15
Let c(n) = -n**3 - 9*n**2 - 6*n - 5. What is c(-7)?
-61
Let h(u) = u**2 - 20*u - 7. Determine h(20).
-7
Let c(b) = b**3 + b**2 + 4*b + 7. Determine c(0).
7
Let a(i) = 26*i**3 + i**2 - i - 1. Determine a(-1).
-25
Let j(z) = -40*z**2 - 18*z + 17. Calculate j(1).
-41
Let c(h) = -h + 10. Determine c(5).
5
Let p(g) = g**2 + 3*g. Determine p(-4).
4
Let j(l) = 3*l - 9. Give j(3).
0
Let h(q) = -q**3 + 5*q**2 + 2*q - 8. Give h(5).
2
Let k(o) = 12*o - 58. Calculate k(5).
2
Let n(a) = a**3 + 4*a**2 + 4*a + 2. Determine n(-4).
-14
Let l(g) = -g**3 - 6*g**2 + 8*g - 6. Calculate l(-7).
-13
Let f(z) = 15*z + 649. Calculate f(-43).
4
Let g(i) = -i**2 - 13*i - 40. Calculate g(-8).
0
Let g(d) = 8*d - 134. Determine g(13).
-30
Let k(z) = z - 4. Calculate k(-2).
-6
Let n(z) = -z**3 - 11*z**2 - 24*z + 17. Give n(-7).
-11
Let p(z) = z**3 + 10*z**2 + 3*z - 49. What is p(-9)?
5
Let f(b) = b**3 + 5*b**2 + 2*b - 1. Give f(-6).
-49
Let m(z) = 10*z + 54. Determine m(-5).
4
Let y(g) = -10*g**2 - 22*g - 21. Give y(-1).
-9
Let g(q) = -28*q + 166. What is g(6)?
-2
Let n(q) = -4*q - 20. What is n(-3)?
-8
Let r(l) = -36*l + 1. Calculate r(-1).
37
Let z(y) = 71*y**3 - y + 1. Give z(1).
71
Let i(u) = -u**3 + 2*u - 7. Give i(3).
-28
Let q(d) = 2*d + 24. Give q(-13).
-2
Let d(r) = 2*r - 4. Determine d(5).
6
Let h(t) = -104*t**2 + t - 1. Give h(1).
-104
Let v(a) = -6*a + 38. Determine v(7).
-4
Let r(a) = a**3 - 7*a**2 + 5*a - 3. Determine r(7).
32
Let c(q) = -q**3 - 14*q**2 - 5*q - 14. Calculate c(-14).
56
Let p(a) = 3*a - 4. Calculate p(-4).
-16
Let y(r) = -3*r - 6. What is y(-8)?
18
Let p(c) = -c**2 - 15*c - 7. What is p(-14)?
7
Let s(d) = -d**3 + 9*d**2 - 8*d - 48. Calculate s(7).
-6
Let u(w) = w**2 + 5*w - 12. Calculate u(-8).
12
Let x(d) = 5*d**3 + d**2 + 11*d - 13. Give x(1).
4
Let b(a) = -a**3 + a**2 - 27*a + 1. Give b(0).
1
Let l(p) = p**2 - 13*p + 25. Give l(10).
-5
Let w(v) = 21*v - 442. Calculate w(21).
-1
Let w(i) = -i**2 - i. What is w(3)?
-12
Let q(g) = -2*g - 13. What is q(-9)?
5
Let h(t) = t**3 - 7*t**2 - 3*t - 2. Calculate h(6).
-56
Let n(r) = -19*r - 91. Calculate n(-4).
-15
Let r(m) = -2*m - 12. Give r(-6).
0
Let u(b) = b**2 - 2*b - 6. What is u(-2)?
2
Let i(z) = 31*z - 1. Determine i(1).
30
Let q(t) = t**3 - 12*t**2 + t - 22. Determine q(12).
-10
Let p(f) = -f**3 + 10*f**2 + f + 5. Give p(10).
15
Let n(t) = -t**2 + 3*t - 7. Determine n(5).
-17
Let s(d) = 3*d - 40. Give s(9).
-13
Let q(p) = -p**2 + 24*p - 32. Give q(23).
-9
Let p(c) = c**3 + 9*c**2 + 3*c + 2. Calculate p(-8).
42
Let z(y) = -6*y - 6. Determine z(2).
-18
Let b(x) = -4*x**3 + 20*x**2 + 2*x - 10. What is b(5)?
0
Let p(t) = -2*t - 23. What is p(0)?
-23
Let v(k) = 8*k - 161. Determine v(19).
-9
Let x(u) = u**2 - 9*u - 28. What is x(13)?
24
Let x(p) = p**3 - 5*p**2 + p - 13. Calculate x(5).
-8
Let o(p) = -4*p - 11. What is o(-4)?
5
Let b(w) = -5*w**2 + 3*w + 16. Calculate b(-5).
-124
Let h(w) = w**3 - w**2 + 17. Give h(0).
17
Let h(c) = c - 14. Give h(15).
1
Let o(a) = a**2 + 48*a - 156. Give o(-51).
-3
Let l(c) = 14*c - 45. Give l(6).
39
Let r(l) = 21*l - 53. Determine r(3).
10
Let t(g) = -g**2 + g + 4. Calculate t(-3).
-8
Let v(t) = t**2 + 44*t + 113. What is v(-43)?
70
Let i(f) = -f**2 + 10*f - 12. Calculate i(3).
9
Let w(k) = -k**2 - 3*k. Calculate w(-3).
0
Let n(m) = m**3 + 4*m**2 - 7*m - 5. Calculate n(-5).
5
Let n(x) = 29*x + 181. Determine n(-6).
7
Let u(b) = b**3 - 7*b**2 - 5*b - 7. Determine u(7).
-42
Let m(z) = -z**3 + 13*z**2 - 10*z. Give m(12).
24
Let v(r) = -4*r**2 - 2*r - 1. Calculate v(-1).
-3
Let b(q) = -q**2 - 4*q + 37. Give b(4).
5
Let v(x) = 5*x**3 + 2*x**2 - 1. Calculate v(-1).
-4
Let p(v) = -4*v**2 + 2*v - 2. Calculate p(1).
-4
Let s(z) = -z**2 - 26*z - 61. Determine s(-24).
-13
Let o(q) = -q**3 - 27*q**2 - 3*q - 34. Give o(-27).
47
Let t(w) = w**3 + 5*w**2 - w + 8. Determine t(-4).
28
Let h(s) = -s**2 - 70*s - 271. Determine h(-4).
-7
Let l(z) = -z**3 + 2*z**2 - z - 3. What is l(0)?
-3
Let r(o) = 10*o + 8. Determine r(4).
48
Let s(x) = x**2 + 5*x - 2. Calculate s(-5).
-2
Let g(z) = z - 7. Calculate g(12).
5
Let q(n) = -5*n + 17. Give q(4).
-3
Let s(y) = -y - 1. Determine s(3).
-4
Let v(n) = -2*n*